 tens digit of u?
5
Suppose 4*i - i - 7 = -y, -5*y - 1 = -3*i. What is the units digit of i/(-6) + 156/9?
7
Let x be -2 - (-6)/(3 + -1). What is the units digit of 11/x + 1 + 2?
4
Suppose -3*u - 5*w = -209, -5*w + 20 = -3*u + 279. Suppose 0*g = 3*g - u. What is the units digit of g?
6
Suppose 0 = -i - 1 + 3. Let l = 4 - i. What is the units digit of l?
2
Let s = -5 - -9. Let d be 34/(0 - -2) - 0. Suppose d = 3*o - s. What is the units digit of o?
7
Let n(j) = 16*j - 23. What is the tens digit of n(17)?
4
Suppose 23 + 17 = 5*g. Let o(d) = d**2 - 7*d + 1. Let k be o(g). Suppose 0 = -3*x - 0 + k. What is the units digit of x?
3
Let u(w) = -w**3 - 2*w + 2. Let v be (-14)/35 + (-13)/5. What is the tens digit of u(v)?
3
Suppose 0 = c + 2*u + 36, 3*u = 3*c + 81. What is the tens digit of c/4*8/(-4)?
1
Let l = -20 + 29. Let h = -43 - -19. What is the units digit of (l + 1)/((-16)/h)?
5
Let j be (-3)/6*-16 + 3. Suppose -24 = -4*r - 3*h, 3*r - 7 = 5*h + j. What is the units digit of r?
6
Suppose 6*t + 0*t = 204. What is the tens digit of t?
3
Let l = -19 - -6. Let g = 6 - l. What is the tens digit of g?
1
Let v(c) = 9*c + 23. What is the tens digit of v(8)?
9
Suppose 16*t = 8*t + 1232. What is the units digit of t?
4
Suppose 4*y - 8 + 4 = -2*v, -5*y + 2 = v. Suppose 0*g + v*a = -5*g + 98, -2*g + 5*a = -16. What is the units digit of g?
8
Suppose -2*r - 5*u = -119, u + 3*u + 190 = 3*r. What is the tens digit of r?
6
Suppose -26 + 206 = 5*c. What is the units digit of c?
6
Let r = 8 - -5. What is the tens digit of r?
1
Suppose -113 = -3*v + 178. What is the units digit of v?
7
Let z = 2 + 134. What is the units digit of z?
6
Suppose -3*c - 4 = -c. Let o = c - -9. Suppose 1 = i - o. What is the units digit of i?
8
Suppose 552 = z + 2*z. What is the hundreds digit of z?
1
Suppose 0*z + 12 = -2*z. Let q(r) = -6*r. Let t be q(-2). Let s = z + t. What is the units digit of s?
6
Suppose 3*k + 68 + 13 = 0. Let y = k - -38. Let d = y - 8. What is the units digit of d?
3
Let j = -3 + 3. Suppose -a + 5 - 4 = j. What is the units digit of a?
1
Let n(y) = 7*y**2 - 2*y - 2. What is the tens digit of n(2)?
2
Let j(l) = 5 - 7*l**2 - 5*l + 4*l + l**3 + 2*l. What is the units digit of j(7)?
2
Let o(j) = -j**2 + 18*j - 10. What is the units digit of o(7)?
7
Suppose 15*z = 10*z - 45. Let x be (-2)/(-9) - 490/18. What is the units digit of x/(-4) - z/36?
7
Let o(l) = 111*l**3 + 26*l**2 - 10*l - 11. Let a(z) = 22*z**3 + 5*z**2 - 2*z - 2. Let u(t) = 11*a(t) - 2*o(t). What is the units digit of u(1)?
1
Let f = -102 - -164. What is the units digit of f?
2
Let g(y) = y + 18. Let h(f) = -f - 18. Let u(b) = 6*g(b) + 5*h(b). What is the units digit of u(-12)?
6
Suppose 5*c - 46 = -t, c = t + 8 - 42. Suppose -3*y + t = -0*y. What is the tens digit of y?
1
Suppose 0 = 5*b - 2*j - 25, -b = 2*b + 2*j + 1. Let x(t) be the first derivative of 3*t**2/2 + 4*t + 1. What is the units digit of x(b)?
3
Suppose 5*x + t - 19 = -2, -4*t + 8 = 5*x. Suppose 0 = -0*v + x*v - 56. Suppose -4*s - 32 = -2*q, 4*q - 40 - v = 3*s. What is the tens digit of q?
1
Let x be (-1 - 0) + 4 + 2. Suppose -n + 117 = 2*k + k, -x*n + 15 = 0. What is the units digit of k?
8
Suppose 192 = x + 2*x. Let y = x + -25. What is the tens digit of y?
3
Suppose -5*f = -4*f. Let h = f + 4. Suppose h*j - 5 = 15. What is the units digit of j?
5
Let g be (-3)/(-2 + 50/28). Suppose -s + g = -0*s. What is the units digit of s?
4
Suppose 0 = -2*q + 51 - 1. What is the units digit of q?
5
Let g = -91 - -151. Suppose -2*b + 5*b = g. What is the tens digit of b?
2
Let r = 43 + 33. Suppose 38 + 8 = l + 5*u, 0 = -2*l - 2*u + r. Suppose -y + l = 2*y. What is the units digit of y?
2
Let p be ((-2)/(-3))/(16/120). What is the units digit of 68/p - (-4)/10?
4
Suppose 101 = a + 4*k, -2*a - 4*k = -0*a - 202. What is the units digit of a?
1
Let t be (-5)/(-10) - 1/2. Let f(b) = b + 8. What is the units digit of f(t)?
8
Suppose 5*l - 4 = -4*k, 3 + 1 = -4*l + 4*k. What is the units digit of -4*((-5)/4 - l)?
5
Suppose -s + 15 = -0*s. What is the units digit of s?
5
Let z = 2 + 0. Let c be 1 - -1 - z/(-1). Suppose 12 + 28 = c*r. What is the units digit of r?
0
Let o be 60/(-2)*(-4 + 3). Let w = o + 10. What is the tens digit of w?
4
Let n = 7 - 1. Suppose -2*i = -v, -3*v + i - n = -v. What is the units digit of (-30)/5*2/v?
3
Let i = -99 + 142. What is the units digit of i?
3
Let v = 90 + -81. What is the units digit of v?
9
Suppose 68 = 5*j + 5*r - 47, j - 3*r - 31 = 0. Let y = j + -16. What is the units digit of y?
9
Let p(u) = u + 1. Let r be p(0). Let i be 3*(-24)/(-3*r). Suppose -5*m + m = -i. What is the units digit of m?
6
Suppose 690 = 6*v - 0*v. What is the hundreds digit of v?
1
Let v(c) = -20*c + 1. Let z be v(-4). Suppose -2*a + z = a. What is the units digit of a?
7
Let z be 8/28 - 26/(-7). Suppose 2*d = -z, -3*o + 4*d + 113 = 6. What is the units digit of o?
3
Suppose -3*l - 357 = 3*w, -l - 588 = 5*w - 9. Let s = -70 - w. Let g = s + -27. What is the tens digit of g?
1
Suppose 0 = -2*a - 2*a - 84. What is the tens digit of 7/a + (-52)/(-3)?
1
Let j(r) = -36*r - 9. What is the tens digit of j(-2)?
6
Let i(u) = -u**3 + 9*u**2 - 12*u - 9. What is the units digit of i(6)?
7
Let u = -6 + 6. Suppose r = 8 - u. What is the units digit of r?
8
Let x be 207/(-15) - 1/5. Let b = x + 3. Let i(r) = -r**3 - 11*r**2 + 10. What is the units digit of i(b)?
0
Suppose 3*s - 6 = 0, 38 + 26 = q + 3*s. Let g = q + -38. What is the units digit of g?
0
Let k(l) = 2*l - 6. Let n be k(3). What is the tens digit of n - (-42 + (-2 - -4))?
4
Suppose 7*v - 2*v - 65 = -3*d, -5*d + 55 = 3*v. Let h be ((-32)/v)/((-8)/40). Let a = h - 10. What is the units digit of a?
6
Suppose g + 13 = 5*t, 4*t + 2*g = -1 + 17. Suppose 2*a - t = -1. What is the units digit of a?
1
Let q(l) = l**3 - 2*l**2 - l + 2. What is the tens digit of q(5)?
7
Let o(x) = -x**3 + 5*x**2 - x + 8. Suppose -2*w + 19 - 7 = 2*m, 4*w - 4*m - 16 = 0. What is the units digit of o(w)?
3
Suppose 2*l = 3*r + 223, -4*l + 5*r + 289 + 152 = 0. What is the units digit of l?
4
Let y = 428 + -224. What is the hundreds digit of y?
2
Let u(h) = -2*h + 5. Let r(s) = s - 3. Suppose -4*f + 3*m + m = 56, 5*m = -3*f - 34. Let b(i) = f*r(i) - 6*u(i). What is the units digit of b(0)?
9
Suppose 0 = 2*g - 0*g - 10, -g - 143 = -4*n. What is the units digit of n?
7
Suppose 3*c = -c - 96. What is the units digit of (4 - c)*3/4?
1
Suppose -3*f = 4*t - 19, t + 9 = -3*f + 5*f. What is the units digit of (-35)/10*(-2)/t?
7
Let x(q) = q**2 + 80. What is the tens digit of x(0)?
8
Let a(z) be the second derivative of -z**3/6 + 2*z**2 + 2*z. What is the units digit of a(0)?
4
Let r(k) = 2*k**2 - k + 15. What is the units digit of r(-5)?
0
Suppose h - 42 = 2*d, 2*h + 5*d - 71 = -h. Suppose -3*f = -1 - h. What is the units digit of f?
1
Let n = -25 + 46. Suppose 0 = r + 6 - n. What is the tens digit of r?
1
Let w be (-6)/(-5)*(-50)/(-15). What is the tens digit of (-88)/(-5) - w/(-10)?
1
Suppose 20 - 8 = 2*d. Let n be (-1 - (-9)/d)*2. What is the units digit of (n/(-3))/((-3)/81)?
9
Let k(j) = -j**3 + 7*j**2 + 6. Let r(b) = b**3 + b**2 + 4. Let g be r(0). Suppose -g*q = -31 + 3. What is the units digit of k(q)?
6
Suppose 0 = -13*d + 32*d - 3819. What is the hundreds digit of d?
2
Let a = 122 - 80. What is the units digit of a?
2
Let c = -29 + 49. What is the tens digit of c?
2
Let q(u) = 6*u - 9. Let f(w) = -w**2 - 11*w - 12. Let m be f(-9). What is the units digit of q(m)?
7
Let t(o) = -o**3 + 10*o**2 - 11*o + 20. What is the tens digit of t(8)?
6
Let t be 1/(-3)*1*-15. Let k = -8 + 6. Let n = t - k. What is the units digit of n?
7
Let z = -31 - -43. What is the units digit of z?
2
Let c(h) = -4 + 3*h + 1 + 0. Let p be c(3). Let w(n) = -n**3 + 5*n**2 + 9*n - 9. What is the units digit of w(p)?
9
Let k(g) = -4*g + 5. What is the tens digit of k(-4)?
2
What is the units digit of 30/(-3 + (-58)/(-18))?
5
Let k = -32 - -52. Suppose 20 = 5*v - k. What is the units digit of v?
8
Suppose 0*x - x + 2 = 0. Suppose x*h - 192 = -4*h. What is the units digit of h?
2
Let t(b) = -b + 8. Let p be t(5). Let y be (-21)/(p*1/(-2)). Suppose -2*a + y = -12. What is the units digit of a?
3
Suppose 22*w = 17*w + 300. What is the units digit of w?
0
Suppose